common factor of 323 and 3154?
19
What is the highest common divisor of 492 and 51780?
12
What is the greatest common factor of 108589 and 143?
13
Calculate the greatest common divisor of 1595763 and 468.
117
Calculate the highest common factor of 6657 and 63.
21
Calculate the greatest common divisor of 700 and 35450.
50
Calculate the highest common divisor of 66 and 1195689.
33
Calculate the highest common factor of 473925 and 71.
71
Calculate the greatest common divisor of 107037 and 189.
63
Calculate the highest common factor of 810 and 3290.
10
Calculate the highest common divisor of 58 and 94279.
29
What is the highest common factor of 17222 and 1738?
158
Calculate the highest common factor of 52 and 349466.
26
What is the highest common factor of 44155 and 17?
1
What is the greatest common divisor of 8151 and 85709?
247
What is the greatest common factor of 640 and 122560?
320
What is the highest common factor of 762 and 3786?
6
What is the greatest common factor of 6870 and 825?
15
Calculate the greatest common divisor of 5775308 and 308.
308
Calculate the highest common factor of 81 and 56466.
9
What is the highest common divisor of 23393 and 9685?
149
What is the greatest common divisor of 42 and 283017?
21
Calculate the greatest common factor of 55350 and 19065.
615
What is the greatest common divisor of 2790610 and 179?
179
Calculate the greatest common factor of 53 and 228907.
53
What is the highest common factor of 73309 and 14?
1
What is the highest common factor of 60175 and 1660?
415
Calculate the highest common divisor of 37588 and 20.
4
Calculate the highest common divisor of 272159 and 69.
23
What is the greatest common divisor of 350 and 160?
10
What is the highest common divisor of 688110 and 10?
10
Calculate the greatest common divisor of 3058874 and 98.
98
Calculate the highest common factor of 28 and 329812.
28
What is the greatest common divisor of 632440 and 80?
40
What is the highest common divisor of 176 and 245264?
16
What is the greatest common divisor of 376 and 149836?
188
What is the greatest common factor of 928 and 90248?
232
Calculate the highest common factor of 5673 and 3813.
93
What is the greatest common divisor of 232 and 43993?
29
What is the highest common factor of 3008 and 2303?
47
Calculate the greatest common factor of 4712 and 409355.
589
Calculate the highest common divisor of 4858 and 1735.
347
What is the greatest common factor of 4318 and 85?
17
Calculate the highest common factor of 5585284 and 1068.
356
Calculate the highest common divisor of 77 and 32219.
11
What is the greatest common factor of 10740 and 14499?
537
Calculate the highest common factor of 7781535 and 135.
135
Calculate the greatest common factor of 13224 and 401592.
696
Calculate the greatest common factor of 5048 and 1048.
8
Calculate the greatest common factor of 16 and 250928.
16
What is the greatest common divisor of 14136785 and 130?
65
What is the highest common divisor of 562071 and 204?
51
What is the greatest common factor of 323841 and 21?
21
What is the highest common factor of 688 and 47644?
172
Calculate the greatest common divisor of 67166 and 16.
2
Calculate the greatest common divisor of 390 and 60.
30
What is the highest common factor of 44 and 43252?
44
Calculate the highest common divisor of 353 and 1287744.
353
Calculate the greatest common factor of 3213 and 15903.
27
What is the greatest common divisor of 2135 and 811727?
427
What is the highest common factor of 3036003 and 97?
97
Calculate the highest common divisor of 205 and 927.
1
What is the highest common divisor of 49 and 310513?
49
Calculate the greatest common divisor of 2497980 and 136.
68
What is the greatest common factor of 33875 and 7125?
125
Calculate the highest common factor of 28 and 244874.
14
What is the greatest common divisor of 5481280 and 40?
40
What is the greatest common divisor of 431 and 20?
1
What is the highest common factor of 2240 and 273040?
80
Calculate the highest common factor of 495 and 31614.
33
What is the greatest common factor of 1470 and 730?
10
Calculate the highest common divisor of 15552 and 1350.
54
What is the highest common factor of 1036500 and 6000?
1500
What is the highest common divisor of 209 and 7931?
11
Calculate the greatest common factor of 5416 and 136.
8
What is the greatest common factor of 105187 and 4102?
293
What is the greatest common factor of 1111179 and 1557?
519
What is the greatest common factor of 99099 and 11583?
1287
Calculate the highest common factor of 474 and 254.
2
What is the greatest common factor of 6 and 270042?
6
What is the highest common factor of 207 and 10359?
9
What is the highest common factor of 5400 and 5940?
540
Calculate the greatest common divisor of 104 and 4374032.
104
What is the greatest common factor of 393 and 29213?
131
Calculate the greatest common divisor of 23091 and 5728.
179
What is the highest common divisor of 170 and 451690?
170
What is the highest common factor of 3852 and 271692?
36
What is the greatest common divisor of 4212 and 396?
36
What is the greatest common factor of 58450 and 42?
14
What is the highest common factor of 37050 and 34675?
475
What is the highest common divisor of 13416 and 2600?
104
What is the highest common factor of 817 and 57?
19
Calculate the highest common factor of 114 and 19893.
57
What is the greatest common divisor of 216018 and 132?
66
What is the greatest common factor of 675 and 1717125?
75
What is the greatest common factor of 53912 and 920?
184
Calculate the greatest common divisor of 42666 and 546.
78
Calculate the highest common divisor of 114 and 189506.
38
What is the highest common factor of 838 and 17954150?
838
Calculate the greatest common divisor of 3556 and 224.
28
Calculate the highest common divisor of 28532 and 224.
28
What is the greatest common divisor of 81 and 39399?
3
What is the greatest common factor of 54 and 200?
2
What is the highest common factor of 658 and 101542?
14
Calculate the highest common factor of 27229 and 6497.
73
What is the greatest common divisor of 576 and 4189632?
192
Calculate the highest common divisor of 23112 and 24.
24
Calculate the greatest common divisor of 22890 and 490.
70
What is the highest common divisor of 1479 and 56780?
17
Calculate the greatest common factor of 60 and 939760.
20
Calculate the greatest common factor of 26128 and 7384.
568
Calculate the highest common divisor of 372910 and 2514.
838
What is the highest common divisor of 1664 and 656?
16
What is the highest common divisor of 518 and 4298?
14
Calculate the highest common divisor of 43 and 1940203.
43
What is the greatest common factor of 1331 and 6709571?
1331
Calculate the greatest common factor of 1142 and 2041896.
1142
Calculate the highest common divisor of 9 and 539415.
9
Calculate the greatest common factor of 312 and 23244.
156
What is the greatest common divisor of 6540 and 45?
15
Calculate the highest common factor of 83571 and 534.
267
What is the highest common factor of 7360 and 28?
4
Calculate the highest common divisor of 402 and 10653.
201
Calculate the highest common factor of 26688 and 320.
64
What is the highest common divisor of 858 and 7566?
78
What is the highest common divisor of 366 and 37942?
122
Calculate the highest common divisor of 100 and 34725.
25
What is the highest common factor of 3151197 and 189?
189
What is the greatest common factor of 190 and 73891?
19
What is the greatest common divisor of 1482 and 18876?
78
Calculate the highest common factor of 675 and 640.
5
What is the greatest common divisor of 1413 and 1899?
9
What is the greatest common divisor of 496 and 705064?
248
Calculate the highest common factor of 122868 and 72.
36
Calculate the highest common divisor of 30222 and 447417.
657
Calculate the highest common divisor of 159472 and 16.
16
Calculate the highest common divisor of 6580 and 4008865.
1645
Calculate the highest common factor of 18 and 607482.
18
What is the highest common divisor of 119652 and 494?
26
What is the greatest common factor of 21060 and 364?
52
What is the highest common divisor of 65 and 408837?
13
What is the highest common factor of 27057 and 68991?
87
Calculate the greatest common factor of 1344645 and 9.
9
Calc